
Let u(z) = -9*z**3 + 2*z + 1. Let x be u(-2). Suppose -3*j + 145 = s - x, 0 = -4*j + 5*s + 317. What are the prime factors of j?
73
Let i = -80 + 76. Let q = i + 7. What are the prime factors of q?
3
Let z(r) = -173*r**3 - 6*r**2 + 4*r + 5. Let h(o) = 346*o**3 + 11*o**2 - 7*o - 9. Let b(y) = -4*h(y) - 7*z(y). List the prime factors of b(-1).
2, 43
Suppose -43 = -4*l + 3*l + 5*j, -2*l - 3*j + 99 = 0. Suppose 12 = 4*q + 4*u - l, q - 27 = 2*u. List the prime factors of q.
19
Let m(a) = 0*a**3 + 7*a**2 + 19*a - 4 + 3*a**3 - 2*a**3 - 2*a**3. List the prime factors of m(9).
5
Let n(x) = -531*x - 945. What are the prime factors of n(-4)?
3, 131
Let b be 20/8*(2 + -1)*2. Suppose -2*h + 208 = 4*v, 2*h + b*v = -0*h + 212. What are the prime factors of h?
2, 3
Let w be 1/3 - (-75)/45. Let b(g) = -21*g**2 + 27*g**w + 33*g**2. What are the prime factors of b(1)?
3, 13
Suppose -r + 41 = -38. Let s = r + -45. What are the prime factors of s?
2, 17
Let a be -5*(4/4 - 2). Suppose 0 = c + 4*b - 12, -3*c + 5*b = -a - 14. What are the prime factors of c?
2
Let z = 12 + -6. Let q(d) = d**3 - 5*d**2 - 7*d + 2. Let r be q(z). What are the prime factors of ((-4)/r)/((-2)/(-92))?
2, 23
Let u(a) = a**2 + 8*a + 5. Let p(i) = -3*i + 13. Let k be p(7). Let q be u(k). Suppose -o - 71 = -q*g, -g = 2*g - 5*o - 47. List the prime factors of g.
2, 7
Let m = -3 + 5. List the prime factors of -18*(-1 - m/(12/75)).
3
Suppose -3*v + 170 = 2*v. Suppose 0 = 6*x - 2*x. Suppose g - v - 3 = x. List the prime factors of g.
37
Let s(g) = -g - 21. Let l be s(-18). Let o(d) = -3*d**3 + 3*d**2 - d + 3. List the prime factors of o(l).
2, 3, 19
Let g(i) = 26*i**2 - 1. Suppose -z = p - 0*z + 3, 5*p - z = 9. List the prime factors of g(p).
5
Let m(x) = 73*x**2 - 5*x + 1. Let g(u) = 220*u**2 - 14*u + 3. Let h(f) = 3*g(f) - 8*m(f). List the prime factors of h(1).
3, 5
Let p(s) = 2*s**2 - 16*s + 31. What are the prime factors of p(10)?
71
Suppose 2 = -3*u - g - 5, -2*u - 6 = g. Let r = u + -5. What are the prime factors of 3/(r/(-64)) + 4?
2, 3
Suppose -711 - 1165 = -2*f. What are the prime factors of f?
2, 7, 67
Let i(m) be the first derivative of m**6/360 - m**5/30 - 5*m**4/24 - 4*m**3/3 + 12. Let b(t) be the third derivative of i(t). List the prime factors of b(8).
3
Let h be 4 + -8 + 4 + -11. Let b = h - -20. What are the prime factors of b?
3
Let p be 4/6*3*60/24. Let b(k) = 2*k**3 - 8*k**2 + 11*k + 12. List the prime factors of b(p).
3, 13
Let v = -16 + 1. What are the prime factors of v/(-6)*(-216)/(-30)?
2, 3
Let y be 4/(-4)*15*(-2)/(-6). Let x(n) = -8*n + 38. List the prime factors of x(y).
2, 3, 13
Let o(t) = 2*t**2 - 2*t - 7. Let l(r) = 3*r**2 - 5*r - 14. Let c = 17 - 12. Let i(w) = c*o(w) - 2*l(w). List the prime factors of i(-3).
29
Let c = -75 + 73. What are the prime factors of (-626)/(-6) - c/3?
3, 5, 7
Let g be (36 - (-8)/4) + -2. List the prime factors of (-2)/(-9) - (-2548)/g.
71
Let k = 312 - -1532. List the prime factors of k.
2, 461
Let j = -43 - -89. Suppose n + 0*n + 23 = -5*r, -2*r + 52 = -3*n. Let m = j + n. What are the prime factors of m?
2, 7
Let n = -80 - -77. What are the prime factors of 298/n*27/(-18)?
149
Let a = -3 - -72. Let h be 1/4*4*a. Suppose h = -5*c + 169. What are the prime factors of c?
2, 5
Let s(c) = -2*c**2 + 21*c + 56. What are the prime factors of s(12)?
2, 5
Suppose 247*s = 246*s + 2608. What are the prime factors of s?
2, 163
Suppose -2*m + 5*w = 3*m - 13660, m - 5*w = 2728. List the prime factors of m.
3, 911
Let x = 188 - 31. List the prime factors of x.
157
Suppose 0 = -3*o - h + 7522, -52*h = -56*h - 20. List the prime factors of o.
13, 193
Suppose 5*j - 3*d = 410, 5*j - 5*d + 31 = 431. Suppose 10*v + j = 5*v. Let c = v + 22. List the prime factors of c.
5
Suppose -3*x - 158 = 70. Let z = 177 + x. What are the prime factors of z?
101
Let a = -42 - -94. Let y be 6 + a - 1*4. Suppose -4*x = -114 - y. List the prime factors of x.
2, 3, 7
Suppose 22*g = 17*g + 2035. List the prime factors of g.
11, 37
Let u be 4 + (1 - (7 + -3)). Let h(k) = -k**3 - 4*k**2 - 3*k - 5. Let i be h(-6). Suppose 6*z = i - u. List the prime factors of z.
2, 7
Suppose 4*s + 36 = 12. Let g = 0 + -11. Let a = s - g. List the prime factors of a.
5
Suppose -7*k = -4*k - 9996. What are the prime factors of k?
2, 7, 17
Suppose 4*n - 6*n - 344 = -3*o, 2*o - 3*n - 221 = 0. What are the prime factors of o?
2, 59
Let h be 7*14/147*(-426)/(-4). Suppose -91 + h = -i. List the prime factors of i.
2, 5
Suppose -3576*z + 3586*z - 620 = 0. List the prime factors of z.
2, 31
Suppose 0 = 38*n - 43*n + 6290. List the prime factors of n.
2, 17, 37
Let z = -31 + 33. Let c be (-265)/(-15) + z/(-3). Suppose -d - 3*s = -2*s - 6, 2*s = -3*d + c. List the prime factors of d.
5
Let w(d) = -d**3 + 10*d**2 - 10*d + 10. Let t be w(9). Let g(m) = -20*m**2 + 1. Let k be g(t). Let o = k + 29. List the prime factors of o.
2, 5
Suppose 4*w - 36 + 4 = -4*k, -5*k = -15. Suppose 2*f - 147 = -w*f. What are the prime factors of f?
3, 7
Suppose 5*p + 11 = -9. What are the prime factors of (p*6)/((-18)/12)?
2
Suppose 4*l - 2587 = 5*v, -l - 8*v + 653 = -3*v. List the prime factors of l.
2, 3
Suppose -2*p + 25 = 5*b + 2*p, 4*b = 5*p + 20. Suppose 5*f - 85 = -b*h, h - 4*f - 3 = -1. List the prime factors of h.
2, 7
Let n = 1171 + -604. What are the prime factors of n?
3, 7
Suppose 3*i + 341 = 2489. List the prime factors of i.
2, 179
Let p(g) = g**2 + 35*g - 160. What are the prime factors of p(-43)?
2, 23
Suppose 18*n - 154 = 16*n. Suppose 0*d + 5*j = d - n, 4*j - 196 = -2*d. List the prime factors of d.
2, 23
Suppose -m + 20 = -4*z, -3*m + 5*z = 3*z - 10. Suppose -5*h + x + 250 = m, h = -4*h + 3*x + 240. What are the prime factors of h?
3, 17
Let g = 201 + -136. Let w = g + -36. Let v = w + -1. List the prime factors of v.
2, 7
Let z(p) = -p**3 - 9*p**2 - 7*p + 3. Let n(d) = d**3 - 12*d**2 + 11*d - 8. Let q be n(11). Let a be z(q). List the prime factors of a/(((-1)/(-2))/(-1)).
2, 5
Suppose 3*l = -3*d + 13836, 79*d + 2*l = 78*d + 4609. List the prime factors of d.
5, 13, 71
Suppose -11*t + 19 + 3 = 0. Suppose -l = -t*l + 119. What are the prime factors of l?
7, 17
Let w(k) = 8*k**2 + k + 2. Let s be ((-3)/(-2))/(39/52). Suppose -12 = -s*d + 8*d. What are the prime factors of w(d)?
2
Suppose 3*z - 2*u = -42, 4*u - 10 + 38 = -z. Let n be 3/(-12) + (-84)/z. Suppose 0*o + n*o = 80. What are the prime factors of o?
2
Let y = -1 + 2. Let g be (y + -3)*(-1 + 15). What are the prime factors of (-137)/(-4) + 7/g?
2, 17
Let d = 155 - 221. Let i = d + 141. List the prime factors of i.
3, 5
Let w be 0/(-2) - (0 - 7). Suppose 2*f - 7 = 3*n, 8*f = -2*n + 6*f - 18. Let o = w + n. List the prime factors of o.
2
Let i(x) be the first derivative of 8*x**3/3 + x**2 + 3*x - 12. Let l(b) = -b. Let d(w) = 2*i(w) - 2*l(w). List the prime factors of d(-2).
2, 29
Let y(d) be the second derivative of d**4/6 - 7*d**3/6 - 3*d**2/2 - 7*d + 1. Let p be (-25)/(-4) - (-1)/(-4). List the prime factors of y(p).
3
Let m = -250 + 385. Let i(z) = -4*z**2 - 5*z + 3. Let v be i(-5). Let x = v + m. List the prime factors of x.
3, 7
Suppose -576 = -2*x + v, 0 = 5*x + 4*v - 0*v - 1440. List the prime factors of x.
2, 3
Let c(d) = 47*d + 119. What are the prime factors of c(4)?
307
Let i = 6186 - 4215. List the prime factors of i.
3, 73
Suppose -3*n + 2*n = 4, 6198 = 2*w - 2*n. List the prime factors of w.
5, 619
Suppose -14*r = -15*r + 6. Suppose r*f = 4*f - 2*t + 258, 4*f + 5*t = 521. What are the prime factors of f?
2, 31
Suppose t - 2 = -9. Let y(a) = 8 - 2 + 4*a**2 - 5*a**2 - 10*a. What are the prime factors of y(t)?
3
Let h(r) be the first derivative of -3*r**2/2 - 7*r - 101. Let m = -5 + 2. List the prime factors of h(m).
2
Let z = 313 + -31. What are the prime factors of z?
2, 3, 47
Let f(t) = 2*t**2 + t. Let n be f(3). Suppose 42*h + 9 = 45*h. Let m = n - h. What are the prime factors of m?
2, 3
Let v = -867 + 1455. What are the prime factors of v?
2, 3, 7
Suppose 5*b + 253 = 813. List the prime factors of b.
2, 7
Let v be 3/(-3) - 5*-37*17. What are the prime factors of (12/15)/4 + v/30?
3, 5, 7
Let z = 1622 - -619. List the prime factors of z.
3, 83
Let t(o) = -o**3 - o + 504. List the prime factors of t(0).
2, 3, 7
Let f(i) be the second